ctors of x?
2, 3
Suppose 8 = s - k, -4*k + 9*k - 15 = 0. Let o(t) be the third derivative of t**4/12 - t**3/2 + t**2. What are the prime factors of o(s)?
19
Let x be (2 - -152) + 0 + 2. List the prime factors of x/(-10)*10/(-4).
3, 13
Suppose 8*t = 3*t + 15. Suppose -21 = t*d - 135. List the prime factors of d.
2, 19
Let b be ((-1)/(-2))/(3/48). Let o(a) = a**2 - 4*a. Let r be o(b). Let v = 50 - r. List the prime factors of v.
2, 3
Let g(l) = l - 14. Let w be g(11). List the prime factors of w + 128 + -2 + 0.
3, 41
Let m be 1*-2 - (-16)/8. Suppose m = -2*t - 5*s + 126, -2*s - s = -3*t + 189. List the prime factors of t.
3, 7
Suppose -2*s - 2*g = -3*g + 1, -5*s = 5*g + 10. Let x(l) be the third derivative of -41*l**4/24 + l**3/6 + l**2. What are the prime factors of x(s)?
2, 3, 7
Suppose -5*t = -q + 322, 0 = -3*q + t + 806 + 118. What are the prime factors of q?
307
Suppose -2*u - 8 = 2*b, -u = 3*b + 5 - 1. Suppose 2*t - 12 = a, -5*t + a - 4*a + 52 = b. What are the prime factors of ((-50)/t + 2)*-4?
17
Suppose -6*i = -5*i - 16. Suppose k - 2*k = i. List the prime factors of (63/(-14))/(6/k).
2, 3
Suppose 0 = 4*l + 4*y - 20, 2*l = -7*y + 2*y + 19. Let n(q) = 2*q**2 - 21*q - 2. Let v be n(8). What are the prime factors of (v - -5)/(l - 3)?
37
Suppose 2*a - 1132 = -318. List the prime factors of a.
11, 37
Let b = 10034 - 5123. List the prime factors of b.
3, 1637
Let v(j) = 5*j**3 + 14*j**2 - 43*j - 13. What are the prime factors of v(7)?
2087
Let m(g) = 2*g**2 - 9*g - 5. Let b be m(7). Suppose 0*t = -3*t + b. Suppose 0 = -2*i - 4*u - t, 0*i + 5*i - 20 = -u. What are the prime factors of i?
5
Suppose 3*i - 342 = -72. List the prime factors of (-1)/(-2) + i/4 + -1.
2, 11
Let v = -1819 + 3759. What are the prime factors of v?
2, 5, 97
Let v(n) = 3*n + 5. Let z(k) = -2*k**3 - 6*k**2 - 2*k. Let h be z(-4). Let x be (-1)/(4 + (-164)/h). What are the prime factors of v(x)?
5, 7
Let t(k) = -15*k + 43*k + 31 - 15*k - 12*k. List the prime factors of t(21).
2, 13
Let n(q) = -q + 1. Let x be n(-2). Suppose -330 = -x*o + 138. Suppose o = 2*c + 4*c. List the prime factors of c.
2, 13
Suppose 4*h = -x + 5383, x = -h + 4*x + 1362. List the prime factors of h.
3, 449
Suppose 12 = -4*l, -257 = -2*z + l + 306. List the prime factors of z.
2, 5, 7
What are the prime factors of -2 + 0 - 2105/(-10)*4?
2, 3, 5, 7
Let x = 6 - 18. Let z = -9 - x. Suppose -2*a + 0*a - z*q + 58 = 0, -q = -a + 19. What are the prime factors of a?
23
Let v(x) = -2*x**3 - 7*x**2 - 5. Let o(s) = -5*s**3 - 20*s**2 - s - 14. Let w(b) = -3*o(b) + 8*v(b). Let q = 0 - -4. List the prime factors of w(q).
2, 7
Let p = 6558 - 4538. What are the prime factors of p?
2, 5, 101
Let n = 2182 - 1452. What are the prime factors of n?
2, 5, 73
Let l = -51 - -51. List the prime factors of l + (31 - (-3 + 0)).
2, 17
Let u(d) = -3*d**2 + 3*d - 16. Let o(j) = -2*j**2 + j - 8. Let z(v) = -5*o(v) + 3*u(v). Let l be z(6). Suppose -24 = -2*b + l. List the prime factors of b.
2, 19
Let j(b) = -2*b - 15. Let d(s) = 2*s + 15. Let o(m) = -3*d(m) - 4*j(m). Let q be o(-7). Let y(x) = 18*x - 1. List the prime factors of y(q).
17
Let v(x) = 136*x + 381. List the prime factors of v(11).
1877
Let q(j) = 11*j + 146. Let t(k) = 6*k + 73. Let o(z) = 4*q(z) - 7*t(z). What are the prime factors of o(0)?
73
List the prime factors of 41970/105 - (-8)/28.
2, 5
Let d = -842 - -2148. List the prime factors of d.
2, 653
Let g(y) = 134*y**2 + y + 1. List the prime factors of g(1).
2, 17
Let u(b) = -b**2 + 8*b - 9. Let g be u(6). What are the prime factors of (-45)/((-4)/g + 1/3)?
3, 5
Suppose 297*w = 299*w - 6708. What are the prime factors of w?
2, 3, 13, 43
Let m(d) = 3*d**2 - 10*d + 6. Let s be m(4). Let h = 44 - s. List the prime factors of h.
2, 3, 5
Let n(k) = 40*k - 100. What are the prime factors of n(10)?
2, 3, 5
List the prime factors of -6 - 3213/((-9)/1).
3, 13
Let c(j) = -7*j**3 - 7*j - 16. List the prime factors of c(-4).
2, 5, 23
Suppose -w - 2628 = -5*l - 0*w, 4*w = -3*l + 1586. What are the prime factors of l?
2, 263
Let r be ((-10)/15)/(4/6)*89. Let l = r + 197. List the prime factors of l.
2, 3
Suppose 4*l - 5149 = -y - 0*l, 3*y = -4*l + 15471. List the prime factors of y.
13, 397
Let l be -14*(2 + 9/(-2)). Suppose 6*q = q + 5*z + l, 0 = q + z + 3. Suppose -3*w + s = -4*w + 10, 0 = q*s. List the prime factors of w.
2, 5
Let i(d) = 326*d + 5. List the prime factors of i(1).
331
Let k(t) = 2*t - 11. Let w(i) = -i**2 - 9*i + 3. Let d(u) = -u**2 - 10*u + 3. Let b(a) = -2*d(a) + 3*w(a). Let h be b(-6). What are the prime factors of k(h)?
7
Let u = -909 - -2076. List the prime factors of u.
3, 389
Let o(m) be the third derivative of m**6/120 + 3*m**5/20 - m**4/2 + 13*m**3/6 - 9*m**2. What are the prime factors of o(-9)?
11
Let g(y) = 2*y**2 + 3*y + 77. List the prime factors of g(12).
401
Let l(w) = w**3 - 8*w**2 + 11*w - 8. Let t be l(7). Let k = 33 - t. What are the prime factors of k?
13
What are the prime factors of (36 - -1)/(-13*18/(-11466))?
7, 37
Suppose 5*k = 115 - 20. Let x = -18 + 23. Suppose x*d - k = -i + 4, -3*i = -3*d - 51. List the prime factors of i.
2, 3
Let s(n) = -4*n - 49. Let c(m) = -3*m - 33. Let d(k) = -7*c(k) + 5*s(k). Let o be d(6). What are the prime factors of (-12 + -4)*28/o?
2, 7
Let f = 944 + 3248. List the prime factors of f.
2, 131
Suppose 0 = -195*c + 192*c + 45. What are the prime factors of c?
3, 5
Let b(g) = 7*g + 1. Let j be b(2). Suppose -14 = -3*c + c. Suppose -2*q + j = -c. What are the prime factors of q?
11
Suppose j - 2 = 2. Suppose -6 = -j*u - 2. What are the prime factors of u - (-4 - (0 + 0))?
5
Suppose -1379 = 41*z - 43*z - p, -z = 4*p - 679. What are the prime factors of z?
691
Let u = -248 + 140. What are the prime factors of 84/(-9)*u/42?
2, 3
Let f(k) = 3*k**3 + 13*k**2 - 36*k - 32. What are the prime factors of f(8)?
2
Suppose -125*l = -126*l + 1120. What are the prime factors of l?
2, 5, 7
Suppose 2*w + 1 = -2*h - 3*h, -2*w = 6. What are the prime factors of h/2 - 81/(-6)?
2, 7
Suppose 304*t = 308*t - 572. List the prime factors of t.
11, 13
Let c = -90 - -95. Let u(x) = x**3 + 2*x**2 + 4*x - 7. List the prime factors of u(c).
2, 47
Let u(c) = 41*c**2 + 11*c - 2. Let o be u(3). What are the prime factors of ((-24)/15)/((-4)/o*2)?
2, 5
Let o be -3 - (-3)/((-9)/(-30)). Let w(q) = 4*q + 2. Let c be w(o). Suppose 2*r = -r + c. What are the prime factors of r?
2, 5
Suppose -4*j - 2*x = -3*j - 225, j = x + 231. Suppose 0 = -2*u - 5*m + 220 + 210, m + j = u. What are the prime factors of u?
3, 5
Suppose 0*v - 3*v = 0. Suppose 5 = -4*h + 5*h. Suppose -f + 4*s = -v*s + 4, f = -h*s + 41. List the prime factors of f.
2
Let p(t) = 262*t**2 + 4*t + 5. List the prime factors of p(-2).
5, 11, 19
Suppose 143 = -2*a + 5*y - 14, -3*a + 4*y = 225. Let s = 141 + a. What are the prime factors of s?
2, 5, 7
Let c be 64/(-10)*(-4 - -9). Let v = c + 36. Suppose 0 = v*h + 3 - 51. What are the prime factors of h?
2, 3
Let t(u) = 2*u**2 - 9*u + 10. Let a(l) = 2*l - 15. Let o be a(10). Suppose -3*i + 4*s = -38 + 1, -o*s = i + 13. What are the prime factors of t(i)?
3, 5
Let h(q) = -q**3 + 25*q**2 + 67*q - 86. List the prime factors of h(26).
2, 5, 7
Let c = 38 - 78. List the prime factors of (-34)/51 - c/6.
2, 3
Let q = 6 + 340. List the prime factors of q.
2, 173
Let d(c) = -2*c**2 - 2*c - 212. Let p be d(0). Let w = 343 + p. List the prime factors of w.
131
Let v(y) = -4*y**2 + 20*y - 14. Let d be v(6). Let x(k) = k**3 + 8*k**2 - 3*k - 7. Let q be x(-7). Let z = d + q. List the prime factors of z.
5
Suppose -5*n = 8 - 33. Let d(u) = -u**3 - 8*u**2 - 13*u + 7. Let w be d(-6). Suppose 3*y + 4*c - 27 = 0, 0 = n*y + 2*c - 6*c - w. List the prime factors of y.
5
Suppose -2*o - 32 = -4*o + 2*t, 2*t = 4*o - 60. Suppose o*y - 255 = 9*y. List the prime factors of y.
3, 17
Let z = 16 + 40. What are the prime factors of (-2)/4*-1*z?
2, 7
Let q(t) be the first derivative of t**3/3 - 3*t**2 - 10*t - 3. Let x be q(10). Suppose -d + f + x = 0, -d - f = f - 27. What are the prime factors of d?
29
Suppose 6*f = 53 + 1. Suppose f + 7 = -4*i. What are the prime factors of (-6)/i*636/18?
53
Suppose 3*h + a = 126 - 17, -2*h + 90 = 5*a. Let m be 48/20*h/(-2). List the prime factors of (-592)/(-14) - (-12)/m.
2, 3,